 when 604 is divided by 301.
2
Calculate the remainder when 158 is divided by 74.
10
What is the remainder when 2192 is divided by 129?
128
Calculate the remainder when 15009 is divided by 79.
78
What is the remainder when 1118 is divided by 186?
2
Calculate the remainder when 38287 is divided by 8.
7
Calculate the remainder when 214 is divided by 72.
70
What is the remainder when 416 is divided by 165?
86
What is the remainder when 118 is divided by 91?
27
Calculate the remainder when 351 is divided by 18.
9
Calculate the remainder when 804 is divided by 62.
60
What is the remainder when 659 is divided by 83?
78
What is the remainder when 349 is divided by 60?
49
Calculate the remainder when 86 is divided by 10.
6
What is the remainder when 1979 is divided by 53?
18
Calculate the remainder when 120 is divided by 79.
41
Calculate the remainder when 88 is divided by 62.
26
What is the remainder when 143 is divided by 37?
32
Calculate the remainder when 169 is divided by 37.
21
What is the remainder when 111 is divided by 5?
1
What is the remainder when 2736 is divided by 20?
16
What is the remainder when 898 is divided by 100?
98
Calculate the remainder when 1139 is divided by 88.
83
What is the remainder when 144 is divided by 113?
31
Calculate the remainder when 1629 is divided by 540.
9
What is the remainder when 60 is divided by 9?
6
What is the remainder when 63 is divided by 13?
11
Calculate the remainder when 29 is divided by 11.
7
Calculate the remainder when 309 is divided by 13.
10
Calculate the remainder when 396 is divided by 219.
177
What is the remainder when 195 is divided by 63?
6
Calculate the remainder when 39239 is divided by 180.
179
Calculate the remainder when 1117 is divided by 26.
25
Calculate the remainder when 142 is divided by 8.
6
Calculate the remainder when 77 is divided by 26.
25
What is the remainder when 33 is divided by 11?
0
Calculate the remainder when 107 is divided by 35.
2
Calculate the remainder when 2685 is divided by 14.
11
What is the remainder when 1351 is divided by 104?
103
Calculate the remainder when 622 is divided by 256.
110
Calculate the remainder when 657 is divided by 261.
135
What is the remainder when 46 is divided by 8?
6
What is the remainder when 351 is divided by 24?
15
What is the remainder when 12739 is divided by 26?
25
What is the remainder when 301 is divided by 25?
1
Calculate the remainder when 20189 is divided by 16.
13
Calculate the remainder when 3091 is divided by 13.
10
Calculate the remainder when 12308 is divided by 152.
148
What is the remainder when 79 is divided by 41?
38
What is the remainder when 935 is divided by 267?
134
Calculate the remainder when 773 is divided by 86.
85
What is the remainder when 1287 is divided by 23?
22
What is the remainder when 95 is divided by 51?
44
What is the remainder when 1027 is divided by 337?
16
What is the remainder when 20628 is divided by 23?
20
What is the remainder when 215 is divided by 31?
29
Calculate the remainder when 380 is divided by 145.
90
What is the remainder when 8 is divided by 8?
0
Calculate the remainder when 21 is divided by 12.
9
What is the remainder when 16641 is divided by 106?
105
Calculate the remainder when 1410 is divided by 286.
266
What is the remainder when 213 is divided by 22?
15
Calculate the remainder when 2002 is divided by 6.
4
What is the remainder when 1751 is divided by 73?
72
Calculate the remainder when 154 is divided by 26.
24
Calculate the remainder when 11103 is divided by 16.
15
Calculate the remainder when 2125 is divided by 423.
10
What is the remainder when 122 is divided by 13?
5
Calculate the remainder when 88 is divided by 51.
37
What is the remainder when 2121 is divided by 193?
191
Calculate the remainder when 404 is divided by 51.
47
Calculate the remainder when 288 is divided by 261.
27
Calculate the remainder when 874 is divided by 31.
6
What is the remainder when 443 is divided by 43?
13
What is the remainder when 321 is divided by 19?
17
Calculate the remainder when 1585 is divided by 134.
111
What is the remainder when 428 is divided by 142?
2
What is the remainder when 43883 is divided by 131?
129
Calculate the remainder when 711 is divided by 17.
14
What is the remainder when 1184 is divided by 304?
272
Calculate the remainder when 1820 is divided by 57.
53
Calculate the remainder when 1866 is divided by 34.
30
What is the remainder when 58 is divided by 4?
2
What is the remainder when 11200 is divided by 249?
244
Calculate the remainder when 2606 is divided by 133.
79
What is the remainder when 177 is divided by 59?
0
Calculate the remainder when 1279 is divided by 156.
31
Calculate the remainder when 146 is divided by 135.
11
What is the remainder when 1447 is divided by 63?
61
Calculate the remainder when 4910 is divided by 307.
305
Calculate the remainder when 1763 is divided by 45.
8
Calculate the remainder when 566 is divided by 187.
5
What is the remainder when 39558 is divided by 86?
84
Calculate the remainder when 108 is divided by 10.
8
Calculate the remainder when 83 is divided by 48.
35
Calculate the remainder when 59 is divided by 18.
5
Calculate the remainder when 1966 is divided by 326.
10
Calculate the remainder when 6 is divided by 2.
0
What is the remainder when 66 is divided by 44?
22
Calculate the remainder when 399 is divided by 29.
22
What is the remainder when 1518 is divided by 20?
18
What is the remainder when 616 is divided by 101?
10
What is the remainder when 277 is divided by 262?
15
What is the remainder when 90 is divided by 42?
6
What is the remainder when 89 is divided by 23?
20
Calculate the remainder when 1093 is divided by 73.
71
Calculate the remainder when 415 is divided by 71.
60
What is the remainder when 399 is divided by 40?
39
Calculate the remainder when 65 is divided by 25.
15
Calculate the remainder when 210 is divided by 15.
0
Calculate the remainder when 250 is divided by 28.
26
Calculate the remainder when 116 is divided by 12.
8
What is the remainder when 60 is divided by 40?
20
Calculate the remainder when 5117 is divided by 22.
13
Calculate the remainder when 736 is divided by 41.
39
Calculate the remainder when 990 is divided by 986.
4
Calculate the remainder when 265 is divided by 133.
132
What is the remainder when 120 is divided by 22?
10
What is the remainder when 2819 is divided by 83?
80
What is the remainder when 109 is divided by 11?
10
What is the remainder when 650 is divided by 184?
98
What is the remainder when 632 is divided by 12?
8
What is the remainder when 415 is divided by 16?
15
What is the remainder when 222 is divided by 57?
51
What is the remainder when 63 is divided by 4?
3
Calculate the remainder when 131 is divided by 20.
11
What is the remainder when 25 is divided by 8?
1
Calculate the remainder when 401 is divided by 27.
23
What is the remainder when 3325 is divided by 128?
125
What is the remainder when 7476 is divided by 8?
4
What is the remainder when 67 is divided by 4?
3
Calculate the remainder when 1223 is divided by 25.
23
What is the remainder when 108 is divided by 8?
4
What is the remainder when 232 is divided by 195?
37
What is the remainder when 112 is divided by 23?
20
Calculate the remainder when 859 is divided by 38.
23
Calculate the remainder when 157 is divided by 81.
76
Calculate the remainder when 659 is divided by 16.
3
Calculate the remainder when 796 is divided by 129.
22
What is the remainder when 1289 is divided by 198?
101
What is the remainder when 306 is divided by 177?
129
What is the remainder when 9422 is divided by 11?
6
Calculate the remainder when 811 is divided by 405.
1
Calculate the remainder when 42 is divided by 22.
20
Calculate the remainder when 610 is divided by 184.
58
Calculate the remainder when 2176 is divided by 7.
6
Calculate the remainder when 334 is divided by 2.
0
Calculate the remainder when 4868 is divided by 324.
8
Calculate the remainder when 40 is divided by 3.
1
Calculate the remainder when 396 is divided by 49.
4
What is the remainder when 1258 is divided by 35?
33
Calculate the remainder when 297 is divided by 51.
42
What is the remainder when 658 is divided by 158?
26
What is the remainder when 136 is divided by 31?
12
What is th